e
Is 93 a factor of 233305?
False
Is 3477441 a multiple of 32?
False
Is 2657889 a multiple of 39?
True
Is 80 a factor of 1632640?
True
Is 27 a factor of 571616?
False
Does 353 divide 54715?
True
Is 283 a factor of 207181?
False
Does 413 divide 18870796?
True
Is 21 a factor of 16341834?
False
Does 6 divide 95454?
True
Does 35 divide 2278220?
True
Is 820786 a multiple of 15?
False
Is 130 a factor of 489304?
False
Does 37 divide 593239?
False
Is 985967 a multiple of 251?
False
Does 29 divide 650495?
False
Is 897141 a multiple of 39?
False
Is 143726 a multiple of 25?
False
Does 82 divide 1391704?
True
Is 61659 a multiple of 17?
True
Is 538991 a multiple of 19?
False
Does 96 divide 109343?
False
Is 61 a factor of 79971?
True
Is 1854986 a multiple of 530?
False
Does 201 divide 38313778?
False
Does 183 divide 1336998?
True
Is 262844 a multiple of 46?
True
Is 13 a factor of 75283?
True
Is 195845 a multiple of 115?
True
Is 25 a factor of 145975?
True
Is 14 a factor of 81186?
True
Does 105 divide 537067?
False
Does 59 divide 29087?
True
Is 11685 a multiple of 41?
True
Is 196608 a multiple of 768?
True
Is 472745 a multiple of 7?
True
Is 7 a factor of 13563865?
True
Is 434 a factor of 47028?
False
Is 147 a factor of 413222?
False
Does 37 divide 193385?
False
Is 32868 a multiple of 99?
True
Is 259106 a multiple of 33?
False
Is 3 a factor of 876863?
False
Is 254 a factor of 3783330?
True
Is 241 a factor of 123151?
True
Is 42598 a multiple of 118?
True
Is 431460 a multiple of 51?
True
Is 87 a factor of 138243?
True
Is 1618 a factor of 5221286?
True
Is 266 a factor of 36489?
False
Does 8 divide 1107856?
True
Is 4 a factor of 1370?
False
Is 4250695 a multiple of 86?
False
Is 21908445 a multiple of 13?
True
Is 4338252 a multiple of 27?
True
Does 304 divide 8469374?
False
Is 5258898 a multiple of 54?
True
Is 138809 a multiple of 98?
False
Does 577 divide 589117?
True
Is 53 a factor of 4370463?
False
Is 72 a factor of 550080?
True
Is 902124 a multiple of 702?
False
Is 23 a factor of 50830?
True
Is 59 a factor of 20491752?
False
Is 2284520 a multiple of 1148?
True
Does 15 divide 123075?
True
Does 196 divide 34692?
True
Is 13 a factor of 646360?
True
Does 944 divide 3466368?
True
Is 2141676 a multiple of 164?
True
Is 60 a factor of 1739027?
False
Does 137 divide 91516?
True
Is 2042 a factor of 140661?
False
Is 25 a factor of 21169325?
True
Does 16 divide 398592?
True
Is 339 a factor of 15799095?
True
Is 10490797 a multiple of 51?
False
Is 17279 a multiple of 2?
False
Does 46 divide 9095810?
True
Is 1664 a multiple of 13?
True
Is 35 a factor of 304815?
True
Does 16 divide 694882?
False
Is 172 a factor of 612664?
True
Is 3 a factor of 62584?
False
Is 1229536 a multiple of 14?
True
Is 665 a factor of 13516664?
False
Does 10 divide 5697428?
False
Is 1414863 a multiple of 435?
False
Is 113890 a multiple of 5?
True
Does 34 divide 196389?
False
Does 7 divide 1874551?
True
Is 284990 a multiple of 69?
False
Does 35 divide 66675?
True
Does 21 divide 5803455?
True
Does 31 divide 23283?
False
Is 684 even?
True
Does 5 divide 192205?
True
Is 284765 a multiple of 90?
False
Does 36 divide 766449?
False
Is 2413961 a multiple of 13?
False
Does 27 divide 52380?
True
Is 9895049 a multiple of 647?
False
Is 1480881 a multiple of 121?
False
Does 575 divide 18400?
True
Is 4378 a multiple of 21?
False
Does 22 divide 245366?
True
Does 632 divide 338905?
False
Does 549 divide 4020876?
True
Does 21 divide 671685?
True
Does 66 divide 3342?
False
Is 346256 a multiple of 16?
True
Is 458920 a multiple of 596?
True
Does 4 divide 11516?
True
Is 208 a factor of 367536?
True
Does 586 divide 1431012?
True
Is 343018 a multiple of 56?
False
Does 7 divide 13474?
False
Does 116 divide 94201?
False
Is 121 a factor of 2186954?
True
Does 3 divide 16469?
False
Does 156 divide 19317582?
False
Does 119 divide 8393189?
True
Does 32 divide 2158129?
False
Does 22 divide 81532?
True
Is 4870530 a multiple of 53?
False
Is 767728 a multiple of 208?
True
Is 605 a factor of 414156?
False
Does 180 divide 6580382?
False
Is 867598 a multiple of 373?
True
Is 16324 a multiple of 77?
True
Is 883869 a multiple of 59?
False
Does 206 divide 807108?
True
Is 124 a factor of 81550?
False
Is 507600 a multiple of 60?
True
Is 28372 a multiple of 82?
True
Is 43 a factor of 192167?
True
Is 27 a factor of 22807?
False
Is 4235496 a multiple of 92?
True
Does 33 divide 5204999?
False
Is 253309 a multiple of 242?
False
Is 17418 a multiple of 19?
False
Does 692 divide 4622560?
True
Is 1394767 a multiple of 11?
True
Is 522 a factor of 358276?
False
Is 621047 a multiple of 182?
False
Is 302250 a multiple of 217?
False
Does 14 divide 274853?
False
Is 401580 a multiple of 20?
True
Is 162 a factor of 9936594?
True
Is 18 a factor of 917522?
False
Is 471272 a multiple of 265?
False
Does 660 divide 1170180?
True
Is 22196 a multiple of 477?
False
Is 46244 a multiple of 22?
True
Is 408 a factor of 253995?
False
Is 233 a factor of 344442?
False
Is 27 a factor of 1562166?
True
Is 82 a factor of 2819441?
False
Is 3747572 a multiple of 233?
True
Does 22 divide 42399?
False
Does 23 divide 870587?
False
Is 47337 a multiple of 173?
False
Is 303632 a multiple of 56?
True
Is 2 a factor of 41955?
False
Is 213123 a multiple of 57?
True
Does 229 divide 588187?
False
Is 238 a factor of 1115268?
True
Does 909 divide 278154?
True
Does 482 divide 3318773?
False
Is 153493 a multiple of 69?
False
Does 5 divide 3654?
False
Is 593495 a multiple of 30?
False
Is 80883 a multiple of 99?
True
Is 360110 a multiple of 5?
True
Is 246 a factor of 3661779?
False
Does 18 divide 1453689?
False
Does 89 divide 4208187?
True
Does 157 divide 264545?
True
Does 112 divide 36735?
False
Is 182 a factor of 250978?
True
Is 98 a factor of 489020?
True
Does 6 divide 360675?
False
Is 34 a factor of 2620836?
False
Does 13 divide 352279?
False
Does 5 divide 215858?
False
Is 1931 a factor of 20598285?
False
Is 51 a factor of 15641?
False
Is 69 a factor of 41676?
True
Does 45 divide 3924720?
True
Does 56 divide 52488?
False
Does 18 divide 55008?
True
Is 1325 a multiple of 12?
False
Does 210 divide 190476?
False
Is 2327 a multiple of 19?
False
Is 231723 a multiple of 26?
False
Is 3 a factor of 338370?
True
Is 8 a factor of 217260?
False
Is 34 a factor of 6241?
False
Is 74521 a multiple of 25?
False
Is 360 a factor of 746566?
False
Is 2363201 a multiple of 19?
True
Does 41 divide 180681?
False
Does 20 divide 1956160?
True
Is 1535508 a multiple of 52?
True
Does 1567 divide 11422298?
False
Is 40576 a multiple of 16?
True
Is 69 a factor of 42780?
True
Is 3891385 a multiple of 191?
False
Is 2551488 a multiple of 137?
True
Does 25 divide 18980?
False
Is 807435 a multiple of 9?
True
Is 340 a factor of 448666?
False
Is 103 a factor of 477817?
True
Does 195 divide 886829?
False
Does 373 divide 2367777?
False
Is 12 a factor of 458664?
True
Does 10 divide 240890?
True
Is 916 a factor of 1815512?
True
Is 11154082 a multiple of 349?
False
Is 5311106 a multiple of 888?
False
Is 64 a factor of 16501184?
True
Is 152131 a multiple of 118?
False
Does 67 divide 42601?
False
Is 1255 a factor of 13944305?
True
Is 2098796 a multiple of 14?
True
Is 407592 a multiple of 153?
True
Does 32 divide 1280480?
True
Is 17 a factor of 1021132?
False
Is 1252856 a multiple of 524?
False
Is 1101 a multiple of 11?
False
Does 108 divide 87587?
False
Is 191 a factor of 225490?
False
Does 41 divide 3128894?
False
Does 29 divide 8973702?
True
Does 149 divide 282713?
False
Does 272 divide 96016?
True
Does 16 divide 190032?
True
Is 293865 a multiple of 927?
False
Does 30 divide 9002370?
True
Is 1611576 a multiple of 27?
True
Is 43 a factor of 48848?
True
Does 29 divide 659017?
False
Is 14 a factor of 17374?
True
Does 534 divide 1653264?
True
Is 2903201 a multiple of 1058?
False
Is 326914 a multiple of 19?
True
Does 190 divide 8379371?
False
Is 325830 a multiple of 49?
False
Is 2764388 a multiple of 6?
False
Does 307 divide 112084?
False
Is 265 a factor of 361195?
True
Does 73 divide 356897?
True
Is 7513185 a multiple of 131?
False
Is 693420 a multiple of 381?
True
Is 272 a factor of 134614?
False
Is 649754 a multiple of 7?
True
Does 360 divide 9027720?
True
Does 162 divide 2907902?
False
Is 8 a factor of 42592?
True
Does 10 divide 222982